s*w + v - 2*v + 10. What is the units digit of w?
2
Suppose -2*i + 25 = -35. Suppose -4*m = -5*u - i, -3*u + 3*m + 0*m - 18 = 0. What is the units digit of u/8 - (-207)/36?
5
Suppose 11 = 4*n - 13. Suppose -2*m = -n*m + 16. Suppose 3*h = 6*j - j - 89, 0 = -m*j - 3*h + 82. What is the tens digit of j?
1
Let y be ((-8)/6)/(1/(-6)). Suppose -b - a = -y, 0*a = -b - 3*a + 18. Suppose 10 = l - 4*n, 2*l - b*n = -1 + 11. What is the units digit of l?
2
Let f be 144/30*10/4. Suppose 0 = 5*l - 4*v + 58, 5*l + 5*v + 48 = -37. What is the units digit of (f/4)/((-3)/l)?
4
Suppose -4*w - 431 = -3*s - 0*w, 5*w + 162 = s. What is the units digit of s?
7
Suppose u = -15 + 46. Let o = -10 + u. What is the units digit of o?
1
What is the tens digit of (-156)/(-16) + (-3)/(-12)?
1
Let j(s) = s**3 + 8*s - s**2 - 9*s**2 + s**2 + 9. What is the units digit of j(8)?
9
Suppose 4*q + 6 = -14. What is the units digit of -2*(-2)/(-4) - q?
4
Let i(w) = -16*w + 12. What is the hundreds digit of i(-8)?
1
Suppose 0*f - 3*f = -12. Suppose -80 = -q - f*q. What is the units digit of q?
6
Let d = 1512 - 2146. Let c be 4/(-18) + d/(-18). Suppose -c = -3*r - 2*r. What is the units digit of r?
7
Suppose 0 = 3*t - 3 - 3. Let s = t - -12. What is the tens digit of s?
1
Let g(d) = -8*d + 21. Let u(t) = -3*t + 7. Let x(c) = -6*g(c) + 17*u(c). Let l be x(-8). Let w = 25 - l. What is the units digit of w?
8
What is the tens digit of (-2)/(-4) - 574*(-6)/24?
4
Let i(x) = -x**3 - 6*x**2 + 6*x + 10. Let t = -5 - 2. What is the units digit of i(t)?
7
Suppose -2*d - 24 = 4*b, -1 = -d + 4*b + 11. Let g = 13 - 7. Let r = d + g. What is the units digit of r?
2
Suppose d - 6*d = -15. Suppose z - 6 = -1. Suppose -d*m + 4*m - z = 0. What is the units digit of m?
5
Suppose 0*f - 3*f + 5*v - 4 = 0, 0 = -3*f + 3*v. Suppose 18 = 5*s - f*s. What is the units digit of s?
6
Let q(m) = m**2 + 15*m - 11. What is the units digit of q(-16)?
5
Let r(y) = 30*y - 1. Let j be r(1). Let d = j + -17. Suppose 3*v - v = d. What is the units digit of v?
6
Let k(c) = -3*c**3 - 6*c**2 + 9*c + 7. Let j(a) = -10*a**3 - 18*a**2 + 28*a + 21. Let x(f) = 2*j(f) - 7*k(f). What is the tens digit of x(-6)?
3
Let t(n) = -n**3 + 4*n**2 - n - 2. What is the units digit of t(3)?
4
Let k be 0/(-1)*1/(-2). Suppose 2*a + 3*y = 18, k - 2 = 2*a - 2*y. Suppose 3*w - 12 = -a. What is the units digit of w?
3
What is the units digit of ((-1)/(-3))/((-8)/(-192))?
8
Let y be 22/5 + 4/(-10). Suppose 4*w - 2*i = 112, 0 = y*w - 9*w + 5*i + 150. What is the units digit of w?
6
Suppose 0 = -3*w - 2*w + 5*o + 670, 5*w = -4*o + 706. What is the tens digit of w?
3
Let u be (1 - 3) + (1 - 15). Let p = u + 22. What is the units digit of p?
6
Suppose -a - 3*a - 40 = 0. Let d = 16 + a. What is the units digit of (0 + -10)*d/(-15)?
4
Suppose -3*l - 7 = h, 3*h - 3*l = -8*l - 5. Let w be (3 - (-4)/(-2)) + 6. Suppose -h*m = -13 - w. What is the units digit of m?
4
Let r(o) = o**2 - o - 6. Let v be r(-8). Let i = v - 37. What is the tens digit of i?
2
Suppose 2*i - 6*i + 20 = 0, 2*i + 2 = 3*x. Suppose -5*l + 0*l + 2*f + 4 = 0, -3*l - x*f - 8 = 0. Suppose 5*v - 2*v - 39 = l. What is the units digit of v?
3
Suppose -4*k - 6 = -3*k. Let t be (6/2)/((-9)/k). Suppose -t*n + 4*n = 6. What is the units digit of n?
3
Suppose 4*l + 3*x - 49 - 114 = 0, 0 = -3*l - 5*x + 136. Let s = l - 24. Suppose -s = 5*c - 73. What is the units digit of c?
2
Let y be ((-4)/(-1))/((-1)/2). Let h = y + 21. Let b = -3 + h. What is the tens digit of b?
1
Suppose -2*q = 4*l + 36, -2*q + 2*l + 2 = -q. Let m = 0 - q. What is the units digit of m?
8
What is the units digit of 5 - 1*-4*(-2)/8?
4
Let d = 328 - 150. What is the tens digit of d?
7
Let c = 30 - -8. What is the units digit of c?
8
Suppose 3*y = 5*y - 36. What is the units digit of (0 - -3)*60/y?
0
Suppose 496 = 5*n - n. What is the units digit of n?
4
Suppose 0 = 4*l - l - 9. Suppose -l*d + 113 = -10. What is the tens digit of d?
4
Suppose 65 = -0*r + r. What is the tens digit of r?
6
Suppose 4 = -5*d + 24. Suppose -d*x = h - 40, 0 = 5*x - 7*x + 6. What is the units digit of h?
8
Let f(z) = z**3 + z**2 - z + 1. What is the tens digit of f(2)?
1
Suppose 187 - 45 = 2*g. Suppose 5*c + 21 = g. What is the units digit of c?
0
Suppose -k + 8 = -3*k. Suppose -4*m = 9 - 37. Let u = m + k. What is the units digit of u?
3
Let z(q) = -q**3 - 4*q**2 + 4*q - 4. Let v = 6 - 11. What is the units digit of z(v)?
1
Let y(s) = s**2 + s + 7. Let c be y(0). Suppose 3*i - c = -2*g, 3*i = 5*g + 7*i - 28. What is the units digit of g?
8
Suppose 0 = -2*v + 6, 0 = 2*g - g - 3*v + 7. Suppose 2*d - 3*d + 2 = -g*p, 0 = -5*d - 5*p + 25. What is the units digit of d?
4
Let v(q) = 2*q**3 - q**2 + 1. Let x = -8 - -10. What is the units digit of v(x)?
3
Suppose -2*q - 5*r = 15, -4*r - 52 = 5*q - 6*r. What is the tens digit of -10*(12/q + 0)?
1
Let x(m) = 4*m**3 - m + 1. Let z be x(1). Suppose -2*y = 5*u - 18, -u - z*y = y - 22. Suppose -u*a + 7*a - 65 = 0. What is the tens digit of a?
1
Let q(i) = -i**2 + 1. Let l be q(-1). Suppose l = 3*s - 8*s. Suppose -5*h = -s*h - 20. What is the units digit of h?
4
Let o(n) = -n + 8. Let v be o(6). Suppose -7 = -v*z + 17. What is the units digit of z?
2
What is the units digit of 350/(-10)*12/(-7)?
0
Let l(d) = -d**2 + 7*d - 6. Let h be l(4). Let c(g) = g**3 - 6*g**2 + 1. Let q be c(h). What is the units digit of ((-2)/4)/(q/(-10))?
5
Let a(d) = 2 - 2*d + 5 + 0 + 3*d. Let w be a(-6). Let n(k) = 3*k - 1. What is the units digit of n(w)?
2
Suppose -5 = 5*r - 40. Suppose 47 - r = 5*k. What is the units digit of k?
8
Let v(b) = b**3 + 15*b**2 + 12*b - 16. Let d = -23 + 9. What is the units digit of v(d)?
2
Suppose 0 = -p + 6*p - 60. What is the units digit of 0 + (p/1 - 2)?
0
Let a(r) = -2*r**2 + 7*r**2 + 2*r - 3 - 2*r**2. What is the tens digit of a(2)?
1
Let p(c) = c**3 - 10*c**2 + 11*c - 10. Suppose 3*i - 2 = 25. What is the units digit of p(i)?
8
Let t(r) = r + 8. Let f be 4*(-6)/(-4)*1. What is the units digit of t(f)?
4
Let p = -4 - -9. Suppose 6 = n - p. What is the units digit of n?
1
What is the units digit of 20 + 3/(-6)*10?
5
Suppose 0 = 3*u + 3*r - 183, u - 5*r = -4*u + 255. What is the units digit of u?
6
Suppose -c = 2*c - 51. What is the tens digit of c?
1
Let x(n) = n**3 - 6*n**2 - 13*n + 10. Let h be x(8). Let c = 48 - h. What is the units digit of c?
4
Suppose 11*q + 5*v - 1175 = 6*q, 0 = -4*q - 2*v + 944. What is the units digit of q?
7
Suppose -153 = d - 4*d. What is the units digit of d?
1
Let d(q) = -2*q - 2 - 8 + 1. What is the units digit of d(-10)?
1
Let t be ((-5)/(-2))/(1/2). Let w be (-18)/5 + (-2)/t. Let l = 0 - w. What is the units digit of l?
4
Let s(v) = -v + 3. Let l be s(0). Suppose -f = l*h - 0*h - 25, -3*f - h = -99. What is the units digit of f?
4
Let w(l) = 4*l + 3. Let t(r) = -12*r - 8. Let c(v) = 2*t(v) + 7*w(v). Let b be c(5). Suppose 2*a - b + 9 = 0. What is the units digit of a?
8
Suppose -c - 4*n = 2*c + 265, 100 = -c + n. Let q = c + 137. Suppose -2*r + q = -3*y, r - 28 = 4*y + y. What is the units digit of r?
8
Let y(a) be the second derivative of 3*a**4/4 + a**3/6 + 2*a. What is the units digit of y(-1)?
8
Suppose -4*x + 2*d + 34 = 0, -4*x + 7*x - 5*d = 43. What is the units digit of x?
6
Let q(d) = -d**2 + 2*d + 2. Let u be q(-2). Let j = 7 - u. What is the tens digit of j?
1
Let m(g) = 2*g**2 + 9*g + 3. What is the units digit of m(-6)?
1
Let x(d) = 12*d**2 - 2*d + 1. Let v = -8 - -12. Suppose -5*j = -a - 4, -v*j + 2*a = 3*a - 5. What is the tens digit of x(j)?
1
Let u(v) = -v**3 + 6*v**2 - 7. Let r be u(5). Let x be -1*(30/(-2) - -2). Let h = r - x. What is the units digit of h?
5
Suppose 5*h = -27 - 8. Let x = h + 13. What is the units digit of 7/2 + (-3)/x?
3
Let y(g) = g**2 + 3. Let r = 2 + -6. What is the units digit of y(r)?
9
Let t be (-1)/(-3) + (-1)/3. Let j = t + 2. What is the units digit of j?
2
Let h be (-3)/(-3*(-1)/(-86)). Let u = 128 - h. What is the tens digit of u?
4
Suppose -2*k - 48 = -120. What is the tens digit of k?
3
Let b(j) be the first derivative of -j**3/3 - 5*j**2/2 + j - 1. Let n be b(-5). Let q = n + 7. What is the units digit of q?
8
Let p(d) = 36*d**3 + d**2 + d - 1. Suppose 4*y - 1 - 3 = 0. What is the units digit of p(y)?
7
Let m be 2/4*(-4 +